t m = 21 - -28. What is the highest common divisor of m and t?
7
Let f(d) = -d**3 + 7*d**2 + 2. Let z = 8 - 1. Let x be f(z). What is the highest common divisor of 8 and x?
2
Let w(a) = -2*a - 12. Let i be w(-6). Suppose 2*t + 2*t - 96 = i. Calculate the highest common factor of 3 and t.
3
Let f(p) = -121*p**3 + p + 1. Let h be f(-1). Suppose -4*z = -4, -z + 12 = u - 0*u. Calculate the highest common divisor of h and u.
11
Suppose 0 = 4*n - 60. Let r(h) = 10*h**3 + h - 1. Let p = 4 + -3. Let w be r(p). Calculate the greatest common factor of n and w.
5
Let p(z) = -z**3 - 7*z**2 + 2*z. Let g be p(-7). Let j = g - -25. Let x be 2/(-7) - 695/(-7). What is the greatest common factor of j and x?
11
Suppose -40 = -5*b + 10. Calculate the greatest common factor of 10 and b.
10
Suppose -k + 8 = -v, -k + 5*k + v - 22 = 0. What is the greatest common factor of k and 24?
6
Let g = 134 - 85. Calculate the greatest common divisor of 7 and g.
7
Suppose -2*n + 0*n = 1510. Let o be (-3)/(-7) - n/35. What is the greatest common divisor of o and 55?
11
Suppose 48 + 10 = 2*y. What is the highest common divisor of 290 and y?
29
Let u be (4/6)/(6/45). Suppose 0*l + 40 = u*l. Calculate the greatest common divisor of l and 64.
8
Let h be (((-288)/3)/(-3))/1. What is the greatest common divisor of h and 8?
8
Let b be 74/(-10) + 20/50. Let x be (-67)/(-7) - 3/b. Calculate the highest common divisor of x and 100.
10
Let y(v) = -v**2 + 7*v - 3. Let h be y(3). Suppose -5*w + 23 = 3. Suppose w*c - 186 = 66. What is the highest common divisor of c and h?
9
Suppose -20 = 5*h, -2*s + 396 = -6*s + 4*h. Let z = s + 163. What is the highest common factor of z and 12?
12
Let c be -1 - ((-946)/8 - (-3)/12). Calculate the highest common divisor of c and 13.
13
Let y = 98 + -59. Suppose 3*k - 27 = w, k = -2*k + 5*w + y. Let s = -169 - -249. Calculate the highest common factor of s and k.
8
Suppose -2*l = m - 24, -4*l - m = -4*m - 28. Suppose -2*x = -x - l. Suppose 0 = 3*z + x - 307. Calculate the greatest common divisor of z and 9.
9
Let q(h) = 2*h - 18. Let i be q(15). Calculate the highest common divisor of i and 96.
12
Suppose 0 = j + j. Suppose -6*y + 9*y - 114 = j. What is the greatest common divisor of 57 and y?
19
Let j be 1 - (0 + -3 - -1). Suppose -2*f = -j*f + 7. Let b = 4 + -3. What is the greatest common factor of f and b?
1
Suppose -3*f + 6 = 3. Calculate the greatest common factor of f and 11.
1
Let u = 113 + -107. What is the highest common divisor of 6 and u?
6
Let y be 2*(2 + -1) - 10. Let k be (0 - 0)*4/y. Suppose k = p - 5 - 0. Calculate the highest common factor of p and 25.
5
Let x(d) = d**3 - 9*d**2 + 7*d + 11. Let g be x(8). Let p be 7 - (3 + 1 - g). What is the highest common factor of 2 and p?
2
Let t = -11 - -34. Let p = t + -12. What is the highest common divisor of 88 and p?
11
Let a(m) = m**3 + 9*m**2 + 5*m + 3. Let h be a(-8). What is the highest common factor of h and 54?
27
Let i be 0 - (-6)/(-3) - 118. Let f = 176 + i. Suppose 29 = 5*d - 11. What is the highest common divisor of d and f?
8
Let c(q) = 121*q**3 - 2*q**2 + q. Let g be c(1). What is the highest common factor of g and 15?
15
Suppose 166 = 16*i - 378. What is the greatest common divisor of i and 51?
17
Suppose -4 = o - 0, 28 = -5*f - 2*o. Let i be 0 + 17 + 3 + f. Calculate the highest common factor of i and 64.
16
Let z(j) = -3*j - 85. Let n be z(-32). Let s(x) = -78*x - 1. Let l be s(-1). What is the highest common factor of n and l?
11
Let h = -71 + 119. Calculate the greatest common factor of 48 and h.
48
Suppose 0 = 4*j - 3*w - 105, 5*w = 6*j - 3*j - 87. Suppose -5 = 2*f + 4*k + 1, -k + 3 = 2*f. What is the highest common factor of j and f?
3
Suppose -x + 18 = -4. What is the highest common factor of x and 66?
22
Suppose 6 = 5*v - 9. Suppose -6 = m - 21. What is the highest common divisor of v and m?
3
Suppose -2*n - 18 = -4*n - 2*y, -4*n = -2*y - 18. Calculate the highest common divisor of 2 and n.
2
Suppose -5*j + 25 = -2*r, -4*r + 5*j = 11 + 24. Let q(z) = -z**3 - 5*z**2 - 2*z. Let a be q(r). What is the greatest common factor of 90 and a?
10
Let r be 3/12 + 31/4. Let j be (-3)/(-4) - (-242)/r. Suppose m - 5*n - 3 = j, n = 2*m - 32. Calculate the greatest common divisor of 21 and m.
7
Let j = 81 - 59. Let u be ((-15)/10)/(6/(-88)). Calculate the greatest common divisor of j and u.
22
Let y(a) = -5*a**3 + 4*a**2 + 5*a - 5. Let h be y(5). Let o = -305 - h. Calculate the highest common divisor of o and 25.
25
Suppose 2*p + p = 0. Suppose 4*y + p = 12. Suppose 0 = y*o - 4*c + 8, c - 17 = -3*o - 0. What is the highest common factor of o and 4?
4
Suppose 0 = -5*m - 4*i + 48, 0*m + 3*i + 2 = m. Suppose -40 = -d + 2*v, 0 = -4*d + 5*v - 3*v + 136. Calculate the greatest common factor of m and d.
8
Let s be (-1)/2*(-6)/(-3). Let n be 2 + -1 + (s - -12). What is the greatest common factor of n and 4?
4
Let x = -16 + 11. Let j = 6 - x. Let z(r) = r**3 - r**2 + 11. Let q be z(0). Calculate the highest common factor of q and j.
11
Suppose -u - u + 6 = 0. What is the highest common factor of u and 3?
3
Suppose -7*n = 3*r - 2*n - 185, -5*n - 145 = -3*r. Let k be (106/(-6))/((-2)/(-12)). Let b be 6/15 + k/(-10). What is the highest common factor of b and r?
11
Suppose 7*q + 47 = 201. What is the greatest common factor of q and 2?
2
Let u = -43 + 22. Let b be 6/u + (-242)/(-14). What is the highest common factor of b and 17?
17
Let s(d) be the first derivative of d**2 + 6*d + 5. Let z be s(6). What is the highest common factor of 27 and z?
9
Let b(a) = a**3 + 17*a**2 + 18*a + 4. Let k be b(-14). What is the greatest common factor of k and 34?
34
Let j = -16 + 20. Calculate the greatest common factor of j and 44.
4
Let s(i) = i**2 - 2*i + 1. Let g be s(4). What is the highest common divisor of g and 3?
3
Suppose -y = y - 16. Suppose 7*i = 4*i + 36. What is the highest common factor of i and y?
4
Suppose 91 = 7*q - 133. What is the highest common factor of q and 4?
4
Suppose 4*h - 4*a = -0 + 20, 2*h - 9 = 3*a. What is the greatest common factor of 24 and h?
6
Suppose -5*u - 188 = -2*b, 3*u - 2*u + 97 = b. Calculate the highest common factor of 11 and b.
11
Let h(l) = l + 1. Let s be h(1). Suppose 18 = s*f - 10. Calculate the greatest common divisor of f and 14.
14
Suppose 0 = -5*l - 3*m + 212, -5*l + 177 + 39 = 4*m. Let q be (-4)/(4/48*-3). What is the highest common factor of q and l?
8
Let d(g) = 5*g**2. Suppose 5*u = 2*u + 3. Let l be d(u). Suppose -44 = o - l*o. What is the highest common divisor of o and 1?
1
Let d be (2/2)/(9/576). Calculate the highest common divisor of 96 and d.
32
Suppose 2*y - 4*h + 2*h = 14, 5*y - h = 15. Suppose -4*f + y*f = -20. Calculate the highest common divisor of 15 and f.
5
Suppose -6*l + 71 = 17. What is the highest common divisor of l and 99?
9
Let b = -5 - -7. Suppose 0 = b*a + 3*g - 129, 2*g + 3*g = 2*a - 121. What is the greatest common divisor of a and 9?
9
Suppose -2*y - 3 - 51 = 0. Let v be (y/4)/((-3)/12). What is the greatest common factor of 3 and v?
3
Let b(x) = 14*x - 3. Let l be b(7). What is the greatest common divisor of l and 38?
19
Let b = -46 + 57. What is the greatest common divisor of b and 77?
11
Suppose -33 = 3*c - 2*u - 3*u, -5*u + 9 = c. Let f = c + 10. Suppose 90 = f*b - 2*b. What is the greatest common factor of b and 9?
9
Suppose 0 = -5*s - 2*c + 18, -4*s - 4*c = -0*c - 12. Suppose k = -s*k + 50. Let i = 157 - 47. What is the highest common divisor of i and k?
10
Suppose 5*b = 6*b - 2*n - 101, -4*b = -2*n - 416. What is the highest common factor of 21 and b?
21
Suppose -j + 2*j - y - 130 = 0, -4*j = 2*y - 496. Suppose -4*r - x = -52, -2*x - 16 = 2*x. Calculate the highest common factor of r and j.
14
Suppose 2*m - 128 = -4*f - 0*f, -3*f + 123 = 2*m. Calculate the greatest common factor of m and 18.
18
Suppose -4 = -3*c - 1. Let m be 10 + (c - -1) - -1. Calculate the highest common factor of m and 52.
13
Let p = 37 - 28. What is the highest common factor of p and 81?
9
Let o = -88 + 128. Let j = -2 - -2. Let c be (-2)/(j + 2)*-8. What is the highest common divisor of o and c?
8
Let z be -1*(-1266)/9 + 2/6. Calculate the greatest common divisor of 94 and z.
47
Suppose 0 = 3*x - 0*x - 3. Let s(c) = 0 - x - 6 + 2*c - 5*c. Let l be s(-5).